be k(r). Let n = 30 - i. List the prime factors of n.
67
Let l(b) = 21*b + 156. What are the prime factors of l(0)?
2, 3, 13
Let c(h) = -2*h**2 + 3*h + 4. Let x be c(3). Let u(r) = r**2 + 7*r + 2. Let o be u(x). Let y(b) = b**3 + 8*b**2 - 2*b + 11. List the prime factors of y(o).
3
Let w(a) = -8*a**3 - 2*a**2 + 6*a + 13. What are the prime factors of w(-4)?
7, 67
Let t(p) = p**3 - 5*p**2 - 5*p + 12. Let v = -22 + 28. What are the prime factors of t(v)?
2, 3
Suppose 0*q - 5*q = 0. Suppose -2*c - 5*j = 27, q*j + 9 = -4*c + 5*j. List the prime factors of (c - -3)*1 + 20.
17
Suppose 107*k - 110*k = -105. Let w = k + 246. List the prime factors of w.
281
Let u(f) = 3*f**2 + 10*f - 6. What are the prime factors of u(5)?
7, 17
Let t(p) = -p**2 + 14*p - 6. Let r be ((-24)/6)/((-2)/6). Let x be t(r). Let j = x - 11. List the prime factors of j.
7
Let u = -4338 - -8162. List the prime factors of u.
2, 239
Let c(p) = 64*p**2 - 6*p + 1. List the prime factors of c(1).
59
Suppose 0 = -13*i - 1549 + 7360. List the prime factors of i.
3, 149
Let j(c) = -c**2 - 22*c - 18. Let m be j(-14). What are the prime factors of 1*(-3)/(-6)*2 + m?
5, 19
Let n be (-5 - -3)*1*113/(-2). Let j = -86 + n. List the prime factors of j.
3
Suppose 0 = -6*q - 542 - 370. Let n = q - -251. List the prime factors of n.
3, 11
Let x = 380 + -207. List the prime factors of x.
173
Let h be -5*(-2 + (-28)/(-20)). Suppose 0 = -h*c - c + 244. List the prime factors of c.
61
Let j(q) = 359*q - 294. List the prime factors of j(15).
3, 1697
Suppose -2*d + d = 7. Let b(y) = y + 9. Let x be b(d). Suppose -5*m - 3*p = -3, 3*p + 3 = -x*m - 3. What are the prime factors of m?
3
Let g(o) = -o**2 - 5*o + 1. Let j be g(-4). List the prime factors of 71 - (4 - j - -2).
2, 5, 7
Let n(i) = -3*i - 7. Let l = 7 + -11. Let a be n(l). Suppose 5*b = -4*g + 86, -g = g - a*b - 58. List the prime factors of g.
2, 3
Let v = -2909 + 4298. What are the prime factors of v?
3, 463
Suppose 0 = 26*w - 6*w - 11340. Suppose -5*m - 209 = -h - 6, -3*h + m + w = 0. What are the prime factors of h?
2, 47
Suppose -3*i - 5*r + 2*r + 21 = 0, 19 = 2*i + 3*r. Suppose c = -i*c + 624. List the prime factors of c.
2, 13
Suppose -3*y + 54 + 27 = 0. Let b = 20 + y. What are the prime factors of b?
47
Let l = -50 + 70. List the prime factors of l.
2, 5
Let o(r) be the third derivative of -5*r**4/24 - 7*r**3/6 - 15*r**2 - 2. Suppose 0 = -3*f - 15 - 15. List the prime factors of o(f).
43
Suppose 4*w - 252 = 4*p, 3*w - 204 + 7 = -5*p. Let k = 215 - 126. Let a = k - w. What are the prime factors of a?
5
Suppose -5507 - 12961 = -36*z. List the prime factors of z.
3, 19
Let y(p) be the third derivative of 0 + 29/24*p**4 + 0*p - p**2 + 1/6*p**3. List the prime factors of y(1).
2, 3, 5
Let f(l) = -3*l - 19. Let b be f(4). What are the prime factors of (-2)/((3/b)/((-18)/(-4)))?
3, 31
Suppose 0 = 4*b - 20, -23*c + 3*b = -22*c - 2886. What are the prime factors of c?
3, 967
Suppose 2512 = 14*j + 2*j. List the prime factors of j.
157
Let y(z) = -z**3 + 11*z**2 - 13*z + 30. Let k be y(10). What are the prime factors of 20/(-5) + k + 47?
43
Suppose 15 + 13 = 7*o. Suppose -o*l + 46 = -2*l. List the prime factors of l.
23
Let f(k) = 2*k**2 - 65*k + 74. List the prime factors of f(-34).
2, 3, 383
Let r(z) = z**3 - z**2 - 2*z + 5. Let v be r(2). Suppose 2*d = -v*d + 238. List the prime factors of d.
2, 17
Let s(d) = d**2 - 2*d + 2. Let p be s(3). Suppose q - p = 175. List the prime factors of q.
2, 3, 5
Let g(l) be the second derivative of -l**5/20 + 5*l**4/3 - 5*l**3/2 - 5*l**2/2 - 5*l. What are the prime factors of g(19)?
71
Let z(b) = 8*b**3 + 37*b**2 - 5*b + 11. List the prime factors of z(4).
3, 5, 73
Let y(u) = -552*u - 129. What are the prime factors of y(-3)?
3, 509
Suppose -24 = 3*a - 135. List the prime factors of a.
37
Let o be 16/6*36/16. Suppose z + 5 = -4*d + o*d, 0 = 2*d - 5*z - 9. Suppose a = -d*a + 21. List the prime factors of a.
7
Let o = -215 + 361. What are the prime factors of o?
2, 73
Let y = -97 + 66. List the prime factors of y/(-1)*(14 + -13).
31
Suppose 4*w = h - 4229, -8470 = 32*h - 34*h + 5*w. List the prime factors of h.
3, 5, 283
Suppose 11*m - 16896 = -22*m. List the prime factors of m.
2
Suppose -13*a - 5 = -4633. List the prime factors of a.
2, 89
Let r be (-45)/(-20) + (-3)/12. What are the prime factors of 6/(r - 34/20)?
2, 5
Suppose 35 = 7*n - 0*n. Let k = 346 - 197. Suppose 379 = n*j + k. What are the prime factors of j?
2, 23
Let l = 41 + -41. List the prime factors of -3 + (l - -1 - (-8 + -47)).
53
Let f(r) = -8*r - 8. Let m = 5 + -8. What are the prime factors of f(m)?
2
List the prime factors of 2/(-13) + (-3477)/(-39).
89
Suppose 0 = 3*h - 2*u - 5 - 7, -h - 3*u + 4 = 0. Let c be h - 9/((-45)/(-10)). Suppose -4*o - 3*n = -201, o - 3*n - 45 = -c*n. List the prime factors of o.
2, 3
Let i(g) = -2*g + 20. Let o be i(0). Let x = o + -47. Let h = 45 - x. List the prime factors of h.
2, 3
Let u(t) = t - 4. Suppose 4*h - 19 = 5. Let c be u(h). Suppose -3*z - 49 = -2*k, 3*z = c*k + 3*k - 100. What are the prime factors of k?
17
Suppose 16*p - 1152 = 2240. What are the prime factors of p?
2, 53
Suppose 5 = v - 4. Suppose -5*u - 18 = -u + 2*b, u = b - v. List the prime factors of (-4)/(-6) + (-80)/u.
2, 7
Suppose 4*x - 18130 = p, 74*x - 5*p + 18118 = 78*x. What are the prime factors of x?
2, 11, 103
Let t = -1974 + 2769. What are the prime factors of t?
3, 5, 53
Suppose -3921 = -x + 8*n - 3*n, x - 3933 = -n. What are the prime factors of x?
3931
Suppose -2*r + 2*p - 152 = -408, 2*p + 388 = 3*r. Let h = r + -76. Suppose -5*a + h = -a. What are the prime factors of a?
2, 7
Suppose -w = 2*m - 226 - 455, -5*m = -15. Suppose 2991 = 13*q - w. What are the prime factors of q?
2, 3, 47
Let t = -460 - -1064. List the prime factors of t.
2, 151
Let z(a) = -2*a**2 + 41*a - 16. Let m be z(17). Suppose -3*y - 25 + m = 0. What are the prime factors of y?
2, 13
Let q(b) = -48*b + 2. Suppose 4 = n - 5*n. What are the prime factors of q(n)?
2, 5
Let z = -39 + 356. What are the prime factors of z?
317
Let k be (-1 - 4)*(-1 - -2). Let r be (8 + -7)/((-1)/k). Suppose -2*x + 95 = -3*w, 2*x + 47 = -r*w + 118. What are the prime factors of x?
43
Let b = 720 + -556. What are the prime factors of b?
2, 41
Suppose 0 = -3*l - 3, -2*l - 4 = -4*s - 2. Let r be (s - 76)*2/(-4). Let n = r - 22. What are the prime factors of n?
2
Let d be (-24)/(-15)*(-90)/(-4). Suppose 2*k = -5*h - 13 + d, -3*k - h = -67. What are the prime factors of k?
2, 3
Let k = -336 - -180. Let n = k - -218. What are the prime factors of n?
2, 31
Suppose 0 = -j - 4*a + 13, 0*j - 2*j + 4*a - 10 = 0. Suppose 2*c - 33 = 2*k + 53, 0 = k - j. What are the prime factors of c?
2, 11
Let x(y) = -y**3 - 7*y**2 + 9*y + 1. Let z be x(-8). Let f(k) = k**3 + 8*k**2 + 7*k + 2. Let n be f(z). Suppose n*p - 81 = -p. What are the prime factors of p?
3
Let n = -124 - -245. List the prime factors of n.
11
Suppose -2*k + 6*k = 3*a + 442, 4*a = -2*k - 604. Let r = -83 - a. List the prime factors of r.
67
Suppose 0 = -787*u + 790*u - 4449. List the prime factors of u.
1483
Suppose 2*d + 13 = 27. Let m(c) = 2*c - 10. Let v be m(d). List the prime factors of v/(-6)*15*-1.
2, 5
Let m(x) = -x**3 - 6*x**2 + 7. Suppose 0 = d + y + 9, -3*d = -5*y + 1 + 2. Let a be m(d). Suppose 2*b - 85 = -a. List the prime factors of b.
3, 13
Let a = -16 - -19. List the prime factors of 0 - ((0 - 127) + a).
2, 31
Let x(o) = 772*o**2 - 7*o - 1. List the prime factors of x(-1).
2, 389
Suppose 16 = -3*l + 5*l. Suppose -5*x + l = -2. List the prime factors of x - (-7)/((-14)/(-40)).
2, 11
Suppose 2*i = 6*z - 10*z + 3830, 3*i = -5*z + 5744. List the prime factors of i.
1913
Let z(h) = -5*h**3 - 4*h**2 - 11*h - 12. Let l(b) = -4*b**3 - 4*b**2 - 10*b - 11. Let a(q) = -6*l(q) + 5*z(q). Let p = -4 - -9. List the prime factors of a(p).
2, 3
Let l = 0 + 8. Suppose 5*z = -i + 13, 3 = 3*i + z - l. Suppose 4*a - 61 = 5*o, 3*a - 37 = -2*o - i*o. What are the prime factors of a?
2, 7
Suppose -4*t + 7839 = -2*a - 2311, -3*t + 2*a = -7611. List the prime factors of t.
2539
Suppose -95 = -2*n - 5*h, 0 = 5*h - 5. Let w be 23*-4*n/(-36). Suppose 0 = 4*i - 5*p - 264, 3*i + p - 83 - w = 0. List the prime factors of i.
2, 3, 11
Let n(p) = p